{"id":6691,"date":"2025-02-13T14:22:37","date_gmt":"2025-02-13T17:22:37","guid":{"rendered":"https:\/\/abcdi.org.br\/?page_id=6691"},"modified":"2026-04-22T09:56:17","modified_gmt":"2026-04-22T12:56:17","slug":"webinar-abcdi","status":"publish","type":"page","link":"https:\/\/abcdi.org.br\/index.php\/webinar-abcdi\/","title":{"rendered":"Webinar ABCDI"},"content":{"rendered":"\t\t<div data-elementor-type=\"wp-page\" data-elementor-id=\"6691\" class=\"elementor elementor-6691\" data-elementor-post-type=\"page\">\n\t\t\t\t\t\t<section class=\"elementor-section elementor-top-section elementor-element elementor-element-2a6d749 elementor-section-full_width elementor-section-stretched elementor-section-height-default elementor-section-height-default\" data-id=\"2a6d749\" data-element_type=\"section\" data-e-type=\"section\" data-settings=\"{&quot;stretch_section&quot;:&quot;section-stretched&quot;}\">\n\t\t\t\t\t\t<div class=\"elementor-container elementor-column-gap-no\">\n\t\t\t\t\t<div class=\"elementor-column elementor-col-100 elementor-top-column elementor-element elementor-element-70bc4dc\" data-id=\"70bc4dc\" data-element_type=\"column\" data-e-type=\"column\">\n\t\t\t<div class=\"elementor-widget-wrap elementor-element-populated\">\n\t\t\t\t\t\t<div class=\"elementor-element elementor-element-1a0b368 elementor-widget elementor-widget-image\" data-id=\"1a0b368\" data-element_type=\"widget\" data-e-type=\"widget\" data-widget_type=\"image.default\">\n\t\t\t\t<div class=\"elementor-widget-container\">\n\t\t\t\t\t\t\t\t\t\t\t\t\t\t\t<img decoding=\"async\" src=\"https:\/\/abcdi.org.br\/wp-content\/uploads\/2025\/02\/banner_Webinar-ABCDI.jpg\" title=\"banner_Webinar ABCDI\" alt=\"banner_Webinar ABCDI\" loading=\"lazy\" \/>\t\t\t\t\t\t\t\t\t\t\t\t\t\t\t<\/div>\n\t\t\t\t<\/div>\n\t\t\t\t\t<\/div>\n\t\t<\/div>\n\t\t\t\t\t<\/div>\n\t\t<\/section>\n\t\t\t\t<section class=\"elementor-section elementor-top-section elementor-element elementor-element-035545a elementor-section-boxed elementor-section-height-default elementor-section-height-default\" data-id=\"035545a\" data-element_type=\"section\" data-e-type=\"section\">\n\t\t\t\t\t\t<div class=\"elementor-container elementor-column-gap-default\">\n\t\t\t\t\t<div class=\"elementor-column elementor-col-100 elementor-top-column elementor-element elementor-element-f007cce\" data-id=\"f007cce\" data-element_type=\"column\" data-e-type=\"column\">\n\t\t\t<div class=\"elementor-widget-wrap elementor-element-populated\">\n\t\t\t\t\t\t\t<\/div>\n\t\t<\/div>\n\t\t\t\t\t<\/div>\n\t\t<\/section>\n\t\t\t\t<section class=\"elementor-section elementor-top-section elementor-element elementor-element-6668ba4 elementor-section-boxed elementor-section-height-default elementor-section-height-default\" data-id=\"6668ba4\" data-element_type=\"section\" data-e-type=\"section\">\n\t\t\t\t\t\t<div class=\"elementor-container elementor-column-gap-default\">\n\t\t\t\t\t<div class=\"elementor-column elementor-col-100 elementor-top-column elementor-element elementor-element-d93ccf8\" data-id=\"d93ccf8\" data-element_type=\"column\" data-e-type=\"column\">\n\t\t\t<div class=\"elementor-widget-wrap elementor-element-populated\">\n\t\t\t\t\t\t<div class=\"elementor-element elementor-element-0c70296 elementor-widget elementor-widget-heading\" data-id=\"0c70296\" data-element_type=\"widget\" data-e-type=\"widget\" data-widget_type=\"heading.default\">\n\t\t\t\t<div class=\"elementor-widget-container\">\n\t\t\t\t\t<h2 class=\"elementor-heading-title elementor-size-default\">Webinar ABCDI<\/h2>\t\t\t\t<\/div>\n\t\t\t\t<\/div>\n\t\t\t\t\t<\/div>\n\t\t<\/div>\n\t\t\t\t\t<\/div>\n\t\t<\/section>\n\t\t\t\t<section class=\"elementor-section elementor-top-section elementor-element elementor-element-33aee12 elementor-section-boxed elementor-section-height-default elementor-section-height-default\" data-id=\"33aee12\" data-element_type=\"section\" data-e-type=\"section\">\n\t\t\t\t\t\t<div class=\"elementor-container elementor-column-gap-default\">\n\t\t\t\t\t<div class=\"elementor-column elementor-col-100 elementor-top-column elementor-element elementor-element-6ea0b5b\" data-id=\"6ea0b5b\" data-element_type=\"column\" data-e-type=\"column\">\n\t\t\t<div class=\"elementor-widget-wrap elementor-element-populated\">\n\t\t\t\t\t\t<div class=\"elementor-element elementor-element-1671538 elementor-widget elementor-widget-text-editor\" data-id=\"1671538\" data-element_type=\"widget\" data-e-type=\"widget\" data-widget_type=\"text-editor.default\">\n\t\t\t\t<div class=\"elementor-widget-container\">\n\t\t\t\t\t\t\t\t\t<h5 style=\"text-align: center;\">On-line \u00e0s ter\u00e7as-feiras das 19h \u00e0s 20h30&nbsp;<br>S\u00f3cios CBR ou ABCDI: Gratuito&nbsp; \u2013 N\u00e3o S\u00f3cios: R$ 50,00<\/h5>\t\t\t\t\t\t\t\t<\/div>\n\t\t\t\t<\/div>\n\t\t\t\t\t<\/div>\n\t\t<\/div>\n\t\t\t\t\t<\/div>\n\t\t<\/section>\n\t\t\t\t<section class=\"elementor-section elementor-top-section elementor-element elementor-element-f0bc245 elementor-section-boxed elementor-section-height-default elementor-section-height-default\" data-id=\"f0bc245\" data-element_type=\"section\" data-e-type=\"section\">\n\t\t\t\t\t\t<div class=\"elementor-container elementor-column-gap-default\">\n\t\t\t\t\t<div class=\"elementor-column elementor-col-100 elementor-top-column elementor-element elementor-element-51ac161\" data-id=\"51ac161\" data-element_type=\"column\" data-e-type=\"column\">\n\t\t\t<div class=\"elementor-widget-wrap elementor-element-populated\">\n\t\t\t\t\t\t<div class=\"elementor-element elementor-element-a2816c0 elementor-widget elementor-widget-text-editor\" data-id=\"a2816c0\" data-element_type=\"widget\" data-e-type=\"widget\" data-widget_type=\"text-editor.default\">\n\t\t\t\t<div class=\"elementor-widget-container\">\n\t\t\t\t\t\t\t\t\t<div><span data-teams=\"true\">Nossa agenda de Webinars 2026 conta com temas de alto impacto para os Radiologistas e Cl\u00ednicas de Radiologia e Diagn\u00f3stico por Imagem. Todos os temas ter\u00e3o convidados de refer\u00eancia do mercado trazendo suas experi\u00eancias para agregar uma vis\u00e3o externa para nossos associados e enriquecer o debate e troca de conhecimento.<\/span><\/div>\t\t\t\t\t\t\t\t<\/div>\n\t\t\t\t<\/div>\n\t\t\t\t\t<\/div>\n\t\t<\/div>\n\t\t\t\t\t<\/div>\n\t\t<\/section>\n\t\t\t\t<section class=\"elementor-section elementor-top-section elementor-element elementor-element-16b695b elementor-section-boxed elementor-section-height-default elementor-section-height-default\" data-id=\"16b695b\" data-element_type=\"section\" data-e-type=\"section\">\n\t\t\t\t\t\t<div class=\"elementor-container elementor-column-gap-default\">\n\t\t\t\t\t<div class=\"elementor-column elementor-col-33 elementor-top-column elementor-element elementor-element-12dada6\" data-id=\"12dada6\" data-element_type=\"column\" data-e-type=\"column\">\n\t\t\t<div class=\"elementor-widget-wrap elementor-element-populated\">\n\t\t\t\t\t\t<div class=\"elementor-element elementor-element-2605dff elementor-widget elementor-widget-image\" data-id=\"2605dff\" data-element_type=\"widget\" data-e-type=\"widget\" data-widget_type=\"image.default\">\n\t\t\t\t<div class=\"elementor-widget-container\">\n\t\t\t\t\t\t\t\t\t\t\t\t\t\t\t\t<a href=\"https:\/\/cursosonline.cbr.org.br\/curso\/a-tributacao-de-dividendos-em-sociedades-medicas-aspectos-legais\/\">\n\t\t\t\t\t\t\t<img fetchpriority=\"high\" decoding=\"async\" width=\"530\" height=\"385\" src=\"https:\/\/abcdi.org.br\/wp-content\/uploads\/2026\/01\/WebinarABCDI_A-Tributacao-de-Dividendos-em-Sociedades-Medicas_530x385.jpg\" class=\"attachment-large size-large wp-image-7749\" alt=\"\" srcset=\"https:\/\/abcdi.org.br\/wp-content\/uploads\/2026\/01\/WebinarABCDI_A-Tributacao-de-Dividendos-em-Sociedades-Medicas_530x385.jpg 530w, https:\/\/abcdi.org.br\/wp-content\/uploads\/2026\/01\/WebinarABCDI_A-Tributacao-de-Dividendos-em-Sociedades-Medicas_530x385-300x218.jpg 300w\" sizes=\"(max-width: 530px) 100vw, 530px\" \/>\t\t\t\t\t\t\t\t<\/a>\n\t\t\t\t\t\t\t\t\t\t\t\t\t\t\t<\/div>\n\t\t\t\t<\/div>\n\t\t\t\t\t<\/div>\n\t\t<\/div>\n\t\t\t\t<div class=\"elementor-column elementor-col-33 elementor-top-column elementor-element elementor-element-01275e0\" data-id=\"01275e0\" data-element_type=\"column\" data-e-type=\"column\">\n\t\t\t<div class=\"elementor-widget-wrap elementor-element-populated\">\n\t\t\t\t\t\t<div class=\"elementor-element elementor-element-f523599 elementor-widget elementor-widget-image\" data-id=\"f523599\" data-element_type=\"widget\" data-e-type=\"widget\" data-widget_type=\"image.default\">\n\t\t\t\t<div class=\"elementor-widget-container\">\n\t\t\t\t\t\t\t\t\t\t\t\t\t\t\t\t<a href=\"https:\/\/cursosonline.cbr.org.br\/curso\/2026-reforma-tributaria-de-saude-para-clinicas\/\">\n\t\t\t\t\t\t\t<img decoding=\"async\" width=\"530\" height=\"385\" src=\"https:\/\/abcdi.org.br\/wp-content\/uploads\/2026\/01\/WebinarABCDI_Reforma-Tributaria-de-Saude-para-Clinicas_530x385.jpg\" class=\"attachment-large size-large wp-image-7668\" alt=\"\" srcset=\"https:\/\/abcdi.org.br\/wp-content\/uploads\/2026\/01\/WebinarABCDI_Reforma-Tributaria-de-Saude-para-Clinicas_530x385.jpg 530w, https:\/\/abcdi.org.br\/wp-content\/uploads\/2026\/01\/WebinarABCDI_Reforma-Tributaria-de-Saude-para-Clinicas_530x385-300x218.jpg 300w\" sizes=\"(max-width: 530px) 100vw, 530px\" \/>\t\t\t\t\t\t\t\t<\/a>\n\t\t\t\t\t\t\t\t\t\t\t\t\t\t\t<\/div>\n\t\t\t\t<\/div>\n\t\t\t\t\t<\/div>\n\t\t<\/div>\n\t\t\t\t<div class=\"elementor-column elementor-col-33 elementor-top-column elementor-element elementor-element-c3a0ca1\" data-id=\"c3a0ca1\" data-element_type=\"column\" data-e-type=\"column\">\n\t\t\t<div class=\"elementor-widget-wrap elementor-element-populated\">\n\t\t\t\t\t\t<div class=\"elementor-element elementor-element-f8c2eb9 elementor-widget elementor-widget-image\" data-id=\"f8c2eb9\" data-element_type=\"widget\" data-e-type=\"widget\" data-widget_type=\"image.default\">\n\t\t\t\t<div class=\"elementor-widget-container\">\n\t\t\t\t\t\t\t\t\t\t\t\t\t\t\t\t<a href=\"https:\/\/cursosonline.cbr.org.br\/curso\/2026-uso-efetivo-de-i-a-na-radiologia-2\/\">\n\t\t\t\t\t\t\t<img decoding=\"async\" width=\"530\" height=\"385\" src=\"https:\/\/abcdi.org.br\/wp-content\/uploads\/2026\/01\/WebinarABCDI_Uso-Efetivo-de-I.A.-na-Radiologia_530x385.jpg\" class=\"attachment-large size-large wp-image-7669\" alt=\"\" srcset=\"https:\/\/abcdi.org.br\/wp-content\/uploads\/2026\/01\/WebinarABCDI_Uso-Efetivo-de-I.A.-na-Radiologia_530x385.jpg 530w, https:\/\/abcdi.org.br\/wp-content\/uploads\/2026\/01\/WebinarABCDI_Uso-Efetivo-de-I.A.-na-Radiologia_530x385-300x218.jpg 300w\" sizes=\"(max-width: 530px) 100vw, 530px\" \/>\t\t\t\t\t\t\t\t<\/a>\n\t\t\t\t\t\t\t\t\t\t\t\t\t\t\t<\/div>\n\t\t\t\t<\/div>\n\t\t\t\t\t<\/div>\n\t\t<\/div>\n\t\t\t\t\t<\/div>\n\t\t<\/section>\n\t\t\t\t<section class=\"elementor-section elementor-top-section elementor-element elementor-element-456ee10 elementor-section-boxed elementor-section-height-default elementor-section-height-default\" data-id=\"456ee10\" data-element_type=\"section\" data-e-type=\"section\">\n\t\t\t\t\t\t<div class=\"elementor-container elementor-column-gap-default\">\n\t\t\t\t\t<div class=\"elementor-column elementor-col-33 elementor-top-column elementor-element elementor-element-ec7a441\" data-id=\"ec7a441\" data-element_type=\"column\" data-e-type=\"column\">\n\t\t\t<div class=\"elementor-widget-wrap\">\n\t\t\t\t\t\t\t<\/div>\n\t\t<\/div>\n\t\t\t\t<div class=\"elementor-column elementor-col-33 elementor-top-column elementor-element elementor-element-9cf9b57\" data-id=\"9cf9b57\" data-element_type=\"column\" data-e-type=\"column\">\n\t\t\t<div class=\"elementor-widget-wrap\">\n\t\t\t\t\t\t\t<\/div>\n\t\t<\/div>\n\t\t\t\t<div class=\"elementor-column elementor-col-33 elementor-top-column elementor-element elementor-element-ec40906\" data-id=\"ec40906\" data-element_type=\"column\" data-e-type=\"column\">\n\t\t\t<div class=\"elementor-widget-wrap\">\n\t\t\t\t\t\t\t<\/div>\n\t\t<\/div>\n\t\t\t\t\t<\/div>\n\t\t<\/section>\n\t\t\t\t<section class=\"elementor-section elementor-top-section elementor-element elementor-element-fbd361e elementor-section-boxed elementor-section-height-default elementor-section-height-default\" data-id=\"fbd361e\" data-element_type=\"section\" data-e-type=\"section\">\n\t\t\t\t\t\t<div class=\"elementor-container elementor-column-gap-default\">\n\t\t\t\t\t<div class=\"elementor-column elementor-col-100 elementor-top-column elementor-element elementor-element-ed74501\" data-id=\"ed74501\" data-element_type=\"column\" data-e-type=\"column\">\n\t\t\t<div class=\"elementor-widget-wrap elementor-element-populated\">\n\t\t\t\t\t\t<div class=\"elementor-element elementor-element-a068ffc elementor-widget elementor-widget-spacer\" data-id=\"a068ffc\" data-element_type=\"widget\" data-e-type=\"widget\" data-widget_type=\"spacer.default\">\n\t\t\t\t<div class=\"elementor-widget-container\">\n\t\t\t\t\t\t\t<div class=\"elementor-spacer\">\n\t\t\t<div class=\"elementor-spacer-inner\"><\/div>\n\t\t<\/div>\n\t\t\t\t\t\t<\/div>\n\t\t\t\t<\/div>\n\t\t\t\t<div class=\"elementor-element elementor-element-6656892 elementor-align-center elementor-widget elementor-widget-button\" data-id=\"6656892\" data-element_type=\"widget\" data-e-type=\"widget\" data-widget_type=\"button.default\">\n\t\t\t\t<div class=\"elementor-widget-container\">\n\t\t\t\t\t\t\t\t\t<div class=\"elementor-button-wrapper\">\n\t\t\t\t\t<a class=\"elementor-button elementor-button-link elementor-size-lg\" href=\"https:\/\/cursosonline.cbr.org.br\/categoria\/abcdi\/webinarsabcdi\/\">\n\t\t\t\t\t\t<span class=\"elementor-button-content-wrapper\">\n\t\t\t\t\t\t\t\t\t<span class=\"elementor-button-text\">Inscreva-se!<\/span>\n\t\t\t\t\t<\/span>\n\t\t\t\t\t<\/a>\n\t\t\t\t<\/div>\n\t\t\t\t\t\t\t\t<\/div>\n\t\t\t\t<\/div>\n\t\t\t\t\t<\/div>\n\t\t<\/div>\n\t\t\t\t\t<\/div>\n\t\t<\/section>\n\t\t\t\t<\/div>\n\t\t","protected":false},"excerpt":{"rendered":"<p>Webinar ABCDI On-line \u00e0s ter\u00e7as-feiras das 19h \u00e0s 20h30&nbsp;S\u00f3cios CBR ou ABCDI: Gratuito&nbsp; \u2013 N\u00e3o S\u00f3cios: R$ 50,00 Nossa agenda de Webinars 2026 conta com temas de alto impacto para os Radiologistas e Cl\u00ednicas de Radiologia e Diagn\u00f3stico por Imagem. Todos os temas ter\u00e3o convidados de refer\u00eancia do mercado trazendo suas experi\u00eancias para agregar uma [&hellip;]<\/p>\n","protected":false},"author":286,"featured_media":0,"parent":0,"menu_order":0,"comment_status":"closed","ping_status":"closed","template":"","meta":{"site-sidebar-layout":"no-sidebar","site-content-layout":"page-builder","ast-site-content-layout":"default","site-content-style":"default","site-sidebar-style":"default","ast-global-header-display":"","ast-banner-title-visibility":"","ast-main-header-display":"","ast-hfb-above-header-display":"","ast-hfb-below-header-display":"","ast-hfb-mobile-header-display":"","site-post-title":"disabled","ast-breadcrumbs-content":"","ast-featured-img":"disabled","footer-sml-layout":"","ast-disable-related-posts":"","theme-transparent-header-meta":"","adv-header-id-meta":"","stick-header-meta":"","header-above-stick-meta":"","header-main-stick-meta":"","header-below-stick-meta":"","astra-migrate-meta-layouts":"default","ast-page-background-enabled":"default","ast-page-background-meta":{"desktop":{"background-color":"var(--ast-global-color-4)","background-image":"","background-repeat":"repeat","background-position":"center center","background-size":"auto","background-attachment":"scroll","background-type":"","background-media":"","overlay-type":"","overlay-color":"","overlay-opacity":"","overlay-gradient":""},"tablet":{"background-color":"","background-image":"","background-repeat":"repeat","background-position":"center center","background-size":"auto","background-attachment":"scroll","background-type":"","background-media":"","overlay-type":"","overlay-color":"","overlay-opacity":"","overlay-gradient":""},"mobile":{"background-color":"","background-image":"","background-repeat":"repeat","background-position":"center center","background-size":"auto","background-attachment":"scroll","background-type":"","background-media":"","overlay-type":"","overlay-color":"","overlay-opacity":"","overlay-gradient":""}},"ast-content-background-meta":{"desktop":{"background-color":"var(--ast-global-color-5)","background-image":"","background-repeat":"repeat","background-position":"center center","background-size":"auto","background-attachment":"scroll","background-type":"","background-media":"","overlay-type":"","overlay-color":"","overlay-opacity":"","overlay-gradient":""},"tablet":{"background-color":"var(--ast-global-color-5)","background-image":"","background-repeat":"repeat","background-position":"center center","background-size":"auto","background-attachment":"scroll","background-type":"","background-media":"","overlay-type":"","overlay-color":"","overlay-opacity":"","overlay-gradient":""},"mobile":{"background-color":"var(--ast-global-color-5)","background-image":"","background-repeat":"repeat","background-position":"center center","background-size":"auto","background-attachment":"scroll","background-type":"","background-media":"","overlay-type":"","overlay-color":"","overlay-opacity":"","overlay-gradient":""}},"footnotes":""},"class_list":["post-6691","page","type-page","status-publish","hentry"],"yoast_head":"<!-- This site is optimized with the Yoast SEO plugin v27.5 - https:\/\/yoast.com\/product\/yoast-seo-wordpress\/ -->\n<title>Webinar ABCDI -<\/title>\n<meta name=\"robots\" content=\"index, follow, max-snippet:-1, max-image-preview:large, max-video-preview:-1\" \/>\n<link rel=\"canonical\" href=\"https:\/\/abcdi.org.br\/index.php\/webinar-abcdi\/\" \/>\n<meta property=\"og:locale\" content=\"pt_BR\" \/>\n<meta property=\"og:type\" content=\"article\" \/>\n<meta property=\"og:title\" content=\"Webinar ABCDI -\" \/>\n<meta property=\"og:description\" content=\"Webinar ABCDI On-line \u00e0s ter\u00e7as-feiras das 19h \u00e0s 20h30&nbsp;S\u00f3cios CBR ou ABCDI: Gratuito&nbsp; \u2013 N\u00e3o S\u00f3cios: R$ 50,00 Nossa agenda de Webinars 2026 conta com temas de alto impacto para os Radiologistas e Cl\u00ednicas de Radiologia e Diagn\u00f3stico por Imagem. Todos os temas ter\u00e3o convidados de refer\u00eancia do mercado trazendo suas experi\u00eancias para agregar uma [&hellip;]\" \/>\n<meta property=\"og:url\" content=\"https:\/\/abcdi.org.br\/index.php\/webinar-abcdi\/\" \/>\n<meta property=\"article:modified_time\" content=\"2026-04-22T12:56:17+00:00\" \/>\n<meta property=\"og:image\" content=\"https:\/\/abcdi.org.br\/wp-content\/uploads\/2025\/02\/banner_Webinar-ABCDI.jpg\" \/>\n<meta name=\"twitter:card\" content=\"summary_large_image\" \/>\n<meta name=\"twitter:label1\" content=\"Est. tempo de leitura\" \/>\n\t<meta name=\"twitter:data1\" content=\"2 minutos\" \/>\n<script type=\"application\/ld+json\" class=\"yoast-schema-graph\">{\"@context\":\"https:\\\/\\\/schema.org\",\"@graph\":[{\"@type\":\"WebPage\",\"@id\":\"https:\\\/\\\/abcdi.org.br\\\/index.php\\\/webinar-abcdi\\\/\",\"url\":\"https:\\\/\\\/abcdi.org.br\\\/index.php\\\/webinar-abcdi\\\/\",\"name\":\"Webinar ABCDI -\",\"isPartOf\":{\"@id\":\"https:\\\/\\\/abcdi.org.br\\\/#website\"},\"primaryImageOfPage\":{\"@id\":\"https:\\\/\\\/abcdi.org.br\\\/index.php\\\/webinar-abcdi\\\/#primaryimage\"},\"image\":{\"@id\":\"https:\\\/\\\/abcdi.org.br\\\/index.php\\\/webinar-abcdi\\\/#primaryimage\"},\"thumbnailUrl\":\"https:\\\/\\\/abcdi.org.br\\\/wp-content\\\/uploads\\\/2025\\\/02\\\/banner_Webinar-ABCDI.jpg\",\"datePublished\":\"2025-02-13T17:22:37+00:00\",\"dateModified\":\"2026-04-22T12:56:17+00:00\",\"breadcrumb\":{\"@id\":\"https:\\\/\\\/abcdi.org.br\\\/index.php\\\/webinar-abcdi\\\/#breadcrumb\"},\"inLanguage\":\"pt-BR\",\"potentialAction\":[{\"@type\":\"ReadAction\",\"target\":[\"https:\\\/\\\/abcdi.org.br\\\/index.php\\\/webinar-abcdi\\\/\"]}]},{\"@type\":\"ImageObject\",\"inLanguage\":\"pt-BR\",\"@id\":\"https:\\\/\\\/abcdi.org.br\\\/index.php\\\/webinar-abcdi\\\/#primaryimage\",\"url\":\"https:\\\/\\\/abcdi.org.br\\\/wp-content\\\/uploads\\\/2025\\\/02\\\/banner_Webinar-ABCDI.jpg\",\"contentUrl\":\"https:\\\/\\\/abcdi.org.br\\\/wp-content\\\/uploads\\\/2025\\\/02\\\/banner_Webinar-ABCDI.jpg\",\"width\":1920,\"height\":200},{\"@type\":\"BreadcrumbList\",\"@id\":\"https:\\\/\\\/abcdi.org.br\\\/index.php\\\/webinar-abcdi\\\/#breadcrumb\",\"itemListElement\":[{\"@type\":\"ListItem\",\"position\":1,\"name\":\"In\u00edcio\",\"item\":\"https:\\\/\\\/abcdi.org.br\\\/\"},{\"@type\":\"ListItem\",\"position\":2,\"name\":\"Webinar ABCDI\"}]},{\"@type\":\"WebSite\",\"@id\":\"https:\\\/\\\/abcdi.org.br\\\/#website\",\"url\":\"https:\\\/\\\/abcdi.org.br\\\/\",\"name\":\"\",\"description\":\"ABCDI - Associa\u00e7\u00e3o Brasileira de Cl\u00ednicas de Diagnostico por Imagem\",\"potentialAction\":[{\"@type\":\"SearchAction\",\"target\":{\"@type\":\"EntryPoint\",\"urlTemplate\":\"https:\\\/\\\/abcdi.org.br\\\/?s={search_term_string}\"},\"query-input\":{\"@type\":\"PropertyValueSpecification\",\"valueRequired\":true,\"valueName\":\"search_term_string\"}}],\"inLanguage\":\"pt-BR\"}]}<\/script>\n<!-- \/ Yoast SEO plugin. -->","yoast_head_json":{"title":"Webinar ABCDI -","robots":{"index":"index","follow":"follow","max-snippet":"max-snippet:-1","max-image-preview":"max-image-preview:large","max-video-preview":"max-video-preview:-1"},"canonical":"https:\/\/abcdi.org.br\/index.php\/webinar-abcdi\/","og_locale":"pt_BR","og_type":"article","og_title":"Webinar ABCDI -","og_description":"Webinar ABCDI On-line \u00e0s ter\u00e7as-feiras das 19h \u00e0s 20h30&nbsp;S\u00f3cios CBR ou ABCDI: Gratuito&nbsp; \u2013 N\u00e3o S\u00f3cios: R$ 50,00 Nossa agenda de Webinars 2026 conta com temas de alto impacto para os Radiologistas e Cl\u00ednicas de Radiologia e Diagn\u00f3stico por Imagem. Todos os temas ter\u00e3o convidados de refer\u00eancia do mercado trazendo suas experi\u00eancias para agregar uma [&hellip;]","og_url":"https:\/\/abcdi.org.br\/index.php\/webinar-abcdi\/","article_modified_time":"2026-04-22T12:56:17+00:00","og_image":[{"url":"https:\/\/abcdi.org.br\/wp-content\/uploads\/2025\/02\/banner_Webinar-ABCDI.jpg","type":"","width":"","height":""}],"twitter_card":"summary_large_image","twitter_misc":{"Est. tempo de leitura":"2 minutos"},"schema":{"@context":"https:\/\/schema.org","@graph":[{"@type":"WebPage","@id":"https:\/\/abcdi.org.br\/index.php\/webinar-abcdi\/","url":"https:\/\/abcdi.org.br\/index.php\/webinar-abcdi\/","name":"Webinar ABCDI -","isPartOf":{"@id":"https:\/\/abcdi.org.br\/#website"},"primaryImageOfPage":{"@id":"https:\/\/abcdi.org.br\/index.php\/webinar-abcdi\/#primaryimage"},"image":{"@id":"https:\/\/abcdi.org.br\/index.php\/webinar-abcdi\/#primaryimage"},"thumbnailUrl":"https:\/\/abcdi.org.br\/wp-content\/uploads\/2025\/02\/banner_Webinar-ABCDI.jpg","datePublished":"2025-02-13T17:22:37+00:00","dateModified":"2026-04-22T12:56:17+00:00","breadcrumb":{"@id":"https:\/\/abcdi.org.br\/index.php\/webinar-abcdi\/#breadcrumb"},"inLanguage":"pt-BR","potentialAction":[{"@type":"ReadAction","target":["https:\/\/abcdi.org.br\/index.php\/webinar-abcdi\/"]}]},{"@type":"ImageObject","inLanguage":"pt-BR","@id":"https:\/\/abcdi.org.br\/index.php\/webinar-abcdi\/#primaryimage","url":"https:\/\/abcdi.org.br\/wp-content\/uploads\/2025\/02\/banner_Webinar-ABCDI.jpg","contentUrl":"https:\/\/abcdi.org.br\/wp-content\/uploads\/2025\/02\/banner_Webinar-ABCDI.jpg","width":1920,"height":200},{"@type":"BreadcrumbList","@id":"https:\/\/abcdi.org.br\/index.php\/webinar-abcdi\/#breadcrumb","itemListElement":[{"@type":"ListItem","position":1,"name":"In\u00edcio","item":"https:\/\/abcdi.org.br\/"},{"@type":"ListItem","position":2,"name":"Webinar ABCDI"}]},{"@type":"WebSite","@id":"https:\/\/abcdi.org.br\/#website","url":"https:\/\/abcdi.org.br\/","name":"","description":"ABCDI - Associa\u00e7\u00e3o Brasileira de Cl\u00ednicas de Diagnostico por Imagem","potentialAction":[{"@type":"SearchAction","target":{"@type":"EntryPoint","urlTemplate":"https:\/\/abcdi.org.br\/?s={search_term_string}"},"query-input":{"@type":"PropertyValueSpecification","valueRequired":true,"valueName":"search_term_string"}}],"inLanguage":"pt-BR"}]}},"_links":{"self":[{"href":"https:\/\/abcdi.org.br\/index.php\/wp-json\/wp\/v2\/pages\/6691","targetHints":{"allow":["GET"]}}],"collection":[{"href":"https:\/\/abcdi.org.br\/index.php\/wp-json\/wp\/v2\/pages"}],"about":[{"href":"https:\/\/abcdi.org.br\/index.php\/wp-json\/wp\/v2\/types\/page"}],"author":[{"embeddable":true,"href":"https:\/\/abcdi.org.br\/index.php\/wp-json\/wp\/v2\/users\/286"}],"replies":[{"embeddable":true,"href":"https:\/\/abcdi.org.br\/index.php\/wp-json\/wp\/v2\/comments?post=6691"}],"version-history":[{"count":118,"href":"https:\/\/abcdi.org.br\/index.php\/wp-json\/wp\/v2\/pages\/6691\/revisions"}],"predecessor-version":[{"id":7962,"href":"https:\/\/abcdi.org.br\/index.php\/wp-json\/wp\/v2\/pages\/6691\/revisions\/7962"}],"wp:attachment":[{"href":"https:\/\/abcdi.org.br\/index.php\/wp-json\/wp\/v2\/media?parent=6691"}],"curies":[{"name":"wp","href":"https:\/\/api.w.org\/{rel}","templated":true}]}}